{"id":70733,"date":"2016-10-03T19:14:04","date_gmt":"2016-10-03T19:14:04","guid":{"rendered":"http:\/\/www.martech.qc.ca\/index.php\/produit\/balise_trv7\/"},"modified":"2016-10-03T19:31:35","modified_gmt":"2016-10-03T19:31:35","slug":"balise_trv7","status":"publish","type":"product","link":"https:\/\/www.martech.qc.ca\/index\/produit\/balise_trv7\/","title":{"rendered":"Balise T-RV-7"},"content":{"rendered":"<p>Baril\u00a0TRV-7 homologu\u00e9e par le MTQ est utilis\u00e9 pour\u00a0chantiers et travaux \u00e0 travers le Qu\u00e9bec. Ces balises sont des rep\u00e8res visuels qui servent \u00e0 canaliser la circulation dans une aire de travail. Ce c\u00f4ne 52\u2033 vient avec bandes de pellicule r\u00e9fl\u00e9chissantes.\u00a0Ils peuvent \u00eatres lettr\u00e9s avec le nom ou logo de votre organisme afin de r\u00e9duire les risques de vol.<\/p>\n<p>&nbsp;<\/p>\n<p>&nbsp;<\/p>\n","protected":false},"excerpt":{"rendered":"<p>Baril\u00a0TRV7 homologu\u00e9e par le MTQ est utilis\u00e9 pour\u00a0chantiers et travaux \u00e0 travers le Qu\u00e9bec. Ces balises sont des rep\u00e8res visuels qui servent \u00e0 canaliser la circulation dans une aire de travail. Ce c\u00f4ne 52\u2033 vient avec bandes de pellicule r\u00e9fl\u00e9chissantes.\u00a0Ils peuvent \u00eatres lettr\u00e9s avec le nom ou logo de votre organisme afin de r\u00e9duire les risques de vol.<\/p>\n<p>&nbsp;<\/p>\n<p><a href=\"http:\/\/www.martech.qc.ca\/index.php\/contact\/\" rel=\"attachment wp-att-66946\"><img loading=\"lazy\" decoding=\"async\" class=\"alignnone wp-image-66946 size-full\" src=\"http:\/\/www.martech.qc.ca\/wp-content\/uploads\/2016\/02\/CONTACT_C.jpg\" alt=\"Contactez-nous pour une soumission gratuite!\" width=\"560\" height=\"74\" srcset=\"https:\/\/www.martech.qc.ca\/index\/wp-content\/uploads\/2016\/02\/CONTACT_C.jpg 560w, https:\/\/www.martech.qc.ca\/index\/wp-content\/uploads\/2016\/02\/CONTACT_C-300x40.jpg 300w\" sizes=\"(max-width: 560px) 100vw, 560px\" \/><\/a><\/p>\n","protected":false},"featured_media":70734,"comment_status":"closed","ping_status":"closed","template":"","meta":{"_acf_changed":false},"product_cat":[30],"product_tag":[],"acf":[],"_links":{"self":[{"href":"https:\/\/www.martech.qc.ca\/index\/wp-json\/wp\/v2\/product\/70733"}],"collection":[{"href":"https:\/\/www.martech.qc.ca\/index\/wp-json\/wp\/v2\/product"}],"about":[{"href":"https:\/\/www.martech.qc.ca\/index\/wp-json\/wp\/v2\/types\/product"}],"replies":[{"embeddable":true,"href":"https:\/\/www.martech.qc.ca\/index\/wp-json\/wp\/v2\/comments?post=70733"}],"wp:featuredmedia":[{"embeddable":true,"href":"https:\/\/www.martech.qc.ca\/index\/wp-json\/wp\/v2\/media\/70734"}],"wp:attachment":[{"href":"https:\/\/www.martech.qc.ca\/index\/wp-json\/wp\/v2\/media?parent=70733"}],"wp:term":[{"taxonomy":"product_cat","embeddable":true,"href":"https:\/\/www.martech.qc.ca\/index\/wp-json\/wp\/v2\/product_cat?post=70733"},{"taxonomy":"product_tag","embeddable":true,"href":"https:\/\/www.martech.qc.ca\/index\/wp-json\/wp\/v2\/product_tag?post=70733"}],"curies":[{"name":"wp","href":"https:\/\/api.w.org\/{rel}","templated":true}]}}