{"id":70686,"date":"2016-09-30T18:39:49","date_gmt":"2016-09-30T18:39:49","guid":{"rendered":"http:\/\/www.martech.qc.ca\/index.php\/produit\/pd0021\/"},"modified":"2016-09-30T18:46:07","modified_gmt":"2016-09-30T18:46:07","slug":"pd0021","status":"publish","type":"product","link":"https:\/\/www.martech.qc.ca\/index\/produit\/pd0021\/","title":{"rendered":"Attaches PD-0021 acier inoxydable"},"content":{"rendered":"<p>Attaches en acier inoxydable pour courroie\/collets de 1\/2\u2033 et moins. Commun\u00e9ment utilis\u00e9 pour installation de signalisation sur lampadaires, f\u00fbts et poteaux ronds. Simplement passer la courroie ou collet \u00e0 travers les fentes et boulonner votre panneau sur l&rsquo;attache. Vendu \u00e0 l&rsquo;unit\u00e9 ou en bo\u00eete de 50. Chaque bo\u00eete comprend aussi les boulons, rondelles d&rsquo;acier et de nylon.<\/p>\n","protected":false},"excerpt":{"rendered":"<p>Attaches en acier inoxydable pour courroie\/collets de 1\/2\u2033 et plus. Commun\u00e9ment utilis\u00e9 pour installation de signalisation sur lampadaires, f\u00fbts et poteaux ronds. Simplement passer la courroie ou collet \u00e0 travers les fentes et boulonner votre panneau sur l&rsquo;attache. Vendu \u00e0 l&rsquo;unit\u00e9 ou en bo\u00eete de 50. Chaque bo\u00eete comprend aussi les boulons, rondelles d&rsquo;acier et de nylon.<\/p>\n<p><a href=\"http:\/\/www.martech.qc.ca\/index.php\/contact\/\" rel=\"attachment wp-att-66946\"><img loading=\"lazy\" decoding=\"async\" class=\"alignnone wp-image-66946 size-full\" src=\"http:\/\/www.martech.qc.ca\/wp-content\/uploads\/2016\/02\/CONTACT_C.jpg\" alt=\"Contactez-nous pour une soumission gratuite!\" width=\"560\" height=\"74\" srcset=\"https:\/\/www.martech.qc.ca\/index\/wp-content\/uploads\/2016\/02\/CONTACT_C.jpg 560w, https:\/\/www.martech.qc.ca\/index\/wp-content\/uploads\/2016\/02\/CONTACT_C-300x40.jpg 300w\" sizes=\"(max-width: 560px) 100vw, 560px\" \/><\/a><\/p>\n","protected":false},"featured_media":70687,"comment_status":"closed","ping_status":"closed","template":"","meta":{"_acf_changed":false},"product_cat":[35],"product_tag":[],"acf":[],"_links":{"self":[{"href":"https:\/\/www.martech.qc.ca\/index\/wp-json\/wp\/v2\/product\/70686"}],"collection":[{"href":"https:\/\/www.martech.qc.ca\/index\/wp-json\/wp\/v2\/product"}],"about":[{"href":"https:\/\/www.martech.qc.ca\/index\/wp-json\/wp\/v2\/types\/product"}],"replies":[{"embeddable":true,"href":"https:\/\/www.martech.qc.ca\/index\/wp-json\/wp\/v2\/comments?post=70686"}],"wp:featuredmedia":[{"embeddable":true,"href":"https:\/\/www.martech.qc.ca\/index\/wp-json\/wp\/v2\/media\/70687"}],"wp:attachment":[{"href":"https:\/\/www.martech.qc.ca\/index\/wp-json\/wp\/v2\/media?parent=70686"}],"wp:term":[{"taxonomy":"product_cat","embeddable":true,"href":"https:\/\/www.martech.qc.ca\/index\/wp-json\/wp\/v2\/product_cat?post=70686"},{"taxonomy":"product_tag","embeddable":true,"href":"https:\/\/www.martech.qc.ca\/index\/wp-json\/wp\/v2\/product_tag?post=70686"}],"curies":[{"name":"wp","href":"https:\/\/api.w.org\/{rel}","templated":true}]}}