{"id":70675,"date":"2016-09-30T17:55:33","date_gmt":"2016-09-30T17:55:33","guid":{"rendered":"http:\/\/www.martech.qc.ca\/index.php\/produit\/courroie\/"},"modified":"2018-03-12T17:18:18","modified_gmt":"2018-03-12T17:18:18","slug":"courroie_en_acier_inoxydable","status":"publish","type":"product","link":"https:\/\/www.martech.qc.ca\/index\/produit\/courroie_en_acier_inoxydable\/","title":{"rendered":"Courroie en acier inoxydable"},"content":{"rendered":"<p>Courroie (<em>strapping<\/em>) en acier inoxydable (<em>stainless<\/em>) en rouleaux de 100&prime;. Commun\u00e9ment utilis\u00e9 pour installation de signalisation sur lampadaires, f\u00fbts et poteaux ronds. Vient dans les grandeurs suivantes:<br \/>\n<img loading=\"lazy\" decoding=\"async\" class=\"alignnone wp-image-70676\" src=\"http:\/\/www.martech.qc.ca\/wp-content\/uploads\/2016\/09\/courroie_taille.jpg\" alt=\"courroie_taille\" width=\"295\" height=\"335\" \/><\/p>\n","protected":false},"excerpt":{"rendered":"<p>Courroie en acier inoxydable (<em>stainless<\/em>) en rouleaux de 100&prime;. Commun\u00e9ment utilis\u00e9 pour installation de signalisation sur lampadaires, f\u00fbts et poteaux ronds. Vient dans les grandeurs suivantes:<br \/>\n<img loading=\"lazy\" decoding=\"async\" class=\"alignnone wp-image-70676\" src=\"http:\/\/www.martech.qc.ca\/wp-content\/uploads\/2016\/09\/courroie_taille.jpg\" alt=\"courroie_taille\" width=\"295\" height=\"335\" \/><\/p>\n<p><a href=\"http:\/\/www.martech.qc.ca\/index.php\/contact\/\" rel=\"attachment wp-att-66946\"><img loading=\"lazy\" decoding=\"async\" class=\"alignnone wp-image-66946 size-full\" src=\"http:\/\/www.martech.qc.ca\/wp-content\/uploads\/2016\/02\/CONTACT_C.jpg\" alt=\"Contactez-nous pour une soumission gratuite!\" width=\"560\" height=\"74\" srcset=\"https:\/\/www.martech.qc.ca\/index\/wp-content\/uploads\/2016\/02\/CONTACT_C.jpg 560w, https:\/\/www.martech.qc.ca\/index\/wp-content\/uploads\/2016\/02\/CONTACT_C-300x40.jpg 300w\" sizes=\"(max-width: 560px) 100vw, 560px\" \/><\/a><\/p>\n","protected":false},"featured_media":70677,"comment_status":"closed","ping_status":"closed","template":"","meta":{"_acf_changed":false},"product_cat":[35],"product_tag":[],"acf":[],"_links":{"self":[{"href":"https:\/\/www.martech.qc.ca\/index\/wp-json\/wp\/v2\/product\/70675"}],"collection":[{"href":"https:\/\/www.martech.qc.ca\/index\/wp-json\/wp\/v2\/product"}],"about":[{"href":"https:\/\/www.martech.qc.ca\/index\/wp-json\/wp\/v2\/types\/product"}],"replies":[{"embeddable":true,"href":"https:\/\/www.martech.qc.ca\/index\/wp-json\/wp\/v2\/comments?post=70675"}],"wp:featuredmedia":[{"embeddable":true,"href":"https:\/\/www.martech.qc.ca\/index\/wp-json\/wp\/v2\/media\/70677"}],"wp:attachment":[{"href":"https:\/\/www.martech.qc.ca\/index\/wp-json\/wp\/v2\/media?parent=70675"}],"wp:term":[{"taxonomy":"product_cat","embeddable":true,"href":"https:\/\/www.martech.qc.ca\/index\/wp-json\/wp\/v2\/product_cat?post=70675"},{"taxonomy":"product_tag","embeddable":true,"href":"https:\/\/www.martech.qc.ca\/index\/wp-json\/wp\/v2\/product_tag?post=70675"}],"curies":[{"name":"wp","href":"https:\/\/api.w.org\/{rel}","templated":true}]}}