{"id":70657,"date":"2016-09-29T15:58:30","date_gmt":"2016-09-29T15:58:30","guid":{"rendered":"http:\/\/www.martech.qc.ca\/index.php\/produit\/telespar\/"},"modified":"2016-11-02T16:32:32","modified_gmt":"2016-11-02T16:32:32","slug":"poteau_telespar","status":"publish","type":"product","link":"https:\/\/www.martech.qc.ca\/index\/produit\/poteau_telespar\/","title":{"rendered":"Poteau carr\u00e9 TELESPAR L6X"},"content":{"rendered":"<p><strong>Le poteau standard de calibre sup\u00e9rieur pour enseignes routi\u00e8res.<\/strong><\/p>\n<p>Le poteau Telespar\u00a0est fait de tube carr\u00e9, ayant \u00e9t\u00e9 soud\u00e9 et galvanis\u00e9 Il poss\u00e8de des perforations 7\/16&nbsp;&raquo; \u00e0 tous les pouces, centre en centre et sur les 4 c\u00f4t\u00e9s. Il existe en 4\u00a0versions en fonction du type d&rsquo;installation d\u00e9sir\u00e9.<\/p>\n<p><strong>Syst\u00e8me \u00e0 un poteau L6X-1<br \/>\n<\/strong>On n&rsquo;utilise qu&rsquo;un seul poteau Telespar plant\u00e9 directement dans le sol. L&rsquo;installation requi\u00e8re une \u00e9chelle ou un camion.<\/p>\n<p><strong>Syst\u00e8me \u00e0 manchon d&rsquo;ancrage L6X-2<br \/>\n<\/strong>Un tube T\u00e9l\u00e9spar est entr\u00e9 dans le sol pour servir de manchon d&rsquo;ancrage. La partie sup\u00e9rieure de ce poteau (de 1 \u00e0 2 pouces) demeure \u00e0 l&rsquo;ext\u00e9rieur du sol. On attache ensuite l&rsquo;enseigne au poteau principal et finalement, on ins\u00e8re ce poteau dans le poteau d&rsquo;ancrage. Cette installation peut \u00eatre effectu\u00e9e par une seule personne.<\/p>\n<p><strong>Syst\u00e8me &laquo;&nbsp;Breakaway&nbsp;&raquo;<br \/>\n<\/strong>Un tube d&rsquo;une longueur approximative de 18 pouces est install\u00e9 \u00e0 la partie sup\u00e9rieure du manchon d&rsquo;ancrage de 3&prime;. Ce tube, dont la dimension est plus grande que celui du manchon d&rsquo;ancrage, donne une double \u00e9paisseur de mur \u00e0 la partie sup\u00e9rieure du manchon. Ce dernier est ainsi bien prot\u00e9g\u00e9 et ne pliera pas lors d&rsquo;une forte tension. L&rsquo;installation peut \u00eatre faite par une seule personne.<\/p>\n<p><strong>Syst\u00e8me \u00e0 base de plan de glissement L6X-4<br \/>\n<\/strong>La fiche de type L6X-4 est faite d\u2019une section tubulaire encastr\u00e9e dans le b\u00e9ton\u00a0ou dans le sol. La partie inf\u00e9rieure de labase \u00e0 plan de glissement s\u2019encastre sur la fiche. On y assemble ensuite la\u00a0partie sup\u00e9rieure de la base \u00e0 plan de glissement.<\/p>\n<p>&nbsp;<\/p>\n","protected":false},"excerpt":{"rendered":"<p><strong>Le poteau standard de calibre sup\u00e9rieur pour enseignes routi\u00e8res.<\/strong><\/p>\n<p>Le poteau T\u00e9lespar est fait de tube carr\u00e9, ayant \u00e9t\u00e9 soud\u00e9 et galvanis\u00e9 Il poss\u00e8de des perforations 7\/16&nbsp;&raquo; \u00e0 tous les pouces, centre en centre et sur les 4 c\u00f4t\u00e9s. Il existe en 4\u00a0versions en fonction du type d&rsquo;installation d\u00e9sir\u00e9.<\/p>\n<p>&nbsp;<\/p>\n<p>&nbsp;<\/p>\n<p><a href=\"http:\/\/www.martech.qc.ca\/index.php\/contact\/\" rel=\"attachment wp-att-66946\"><img loading=\"lazy\" decoding=\"async\" class=\"alignnone wp-image-66946 size-full\" src=\"http:\/\/www.martech.qc.ca\/wp-content\/uploads\/2016\/02\/CONTACT_C.jpg\" alt=\"Contactez-nous pour une soumission gratuite!\" width=\"560\" height=\"74\" srcset=\"https:\/\/www.martech.qc.ca\/index\/wp-content\/uploads\/2016\/02\/CONTACT_C.jpg 560w, https:\/\/www.martech.qc.ca\/index\/wp-content\/uploads\/2016\/02\/CONTACT_C-300x40.jpg 300w\" sizes=\"(max-width: 560px) 100vw, 560px\" \/><\/a><\/p>\n","protected":false},"featured_media":70660,"comment_status":"closed","ping_status":"closed","template":"","meta":{"_acf_changed":false},"product_cat":[34],"product_tag":[],"acf":[],"_links":{"self":[{"href":"https:\/\/www.martech.qc.ca\/index\/wp-json\/wp\/v2\/product\/70657"}],"collection":[{"href":"https:\/\/www.martech.qc.ca\/index\/wp-json\/wp\/v2\/product"}],"about":[{"href":"https:\/\/www.martech.qc.ca\/index\/wp-json\/wp\/v2\/types\/product"}],"replies":[{"embeddable":true,"href":"https:\/\/www.martech.qc.ca\/index\/wp-json\/wp\/v2\/comments?post=70657"}],"wp:featuredmedia":[{"embeddable":true,"href":"https:\/\/www.martech.qc.ca\/index\/wp-json\/wp\/v2\/media\/70660"}],"wp:attachment":[{"href":"https:\/\/www.martech.qc.ca\/index\/wp-json\/wp\/v2\/media?parent=70657"}],"wp:term":[{"taxonomy":"product_cat","embeddable":true,"href":"https:\/\/www.martech.qc.ca\/index\/wp-json\/wp\/v2\/product_cat?post=70657"},{"taxonomy":"product_tag","embeddable":true,"href":"https:\/\/www.martech.qc.ca\/index\/wp-json\/wp\/v2\/product_tag?post=70657"}],"curies":[{"name":"wp","href":"https:\/\/api.w.org\/{rel}","templated":true}]}}