{"id":70555,"date":"2016-05-03T19:38:18","date_gmt":"2016-05-03T19:38:18","guid":{"rendered":"http:\/\/www.martech.qc.ca\/index.php\/produit\/t-80-10\/"},"modified":"2017-02-09T15:25:33","modified_gmt":"2017-02-09T15:25:33","slug":"t-80-10","status":"publish","type":"product","link":"https:\/\/www.martech.qc.ca\/index\/produit\/t-80-10\/","title":{"rendered":"T-80-10"},"content":{"rendered":"<div class=\"champGeneral\">\n<div class=\"infoDetail\">\n<div class=\"champGeneral\">\n<div class=\"infoDetail\">Le panneau \u00ab Sentier de VHR barr\u00e9 \u00bb (T-80) indique qu\u2019un sentier de VHR est temporairement ferm\u00e9 \u00e0 la circulation. Ce panneau doit \u00eatre install\u00e9 sur la barri\u00e8re fermant le passage \u00e0 la circulation.<\/div>\n<\/div>\n<div class=\"champGeneral\"><\/div>\n<\/div>\n<\/div>\n","protected":false},"excerpt":{"rendered":"<div class=\"desc_libelle\">\n<div class=\"champGeneral\">\n<div class=\"infoDetail\">\n<div class=\"champGeneral\">\n<div class=\"infoDetail\">\n<div class=\"champGeneral\">\n<div class=\"infoDetail\">\n<div class=\"champGeneral\">\n<div class=\"infoDetail\">\n<div class=\"champGeneral\">\n<div class=\"infoDetail\">Le panneau \u00ab Sentier de VHR barr\u00e9 \u00bb (T-80) indique qu\u2019un sentier de VHR est temporairement ferm\u00e9 \u00e0 la circulation. Ce panneau doit \u00eatre install\u00e9 sur la barri\u00e8re fermant le passage \u00e0 la circulation.<\/div>\n<\/div>\n<\/div>\n<\/div>\n<\/div>\n<\/div>\n<\/div>\n<\/div>\n<\/div>\n<\/div>\n<\/div>\n","protected":false},"featured_media":70556,"comment_status":"closed","ping_status":"closed","template":"","meta":{"_acf_changed":false},"product_cat":[45,50],"product_tag":[],"acf":[],"_links":{"self":[{"href":"https:\/\/www.martech.qc.ca\/index\/wp-json\/wp\/v2\/product\/70555"}],"collection":[{"href":"https:\/\/www.martech.qc.ca\/index\/wp-json\/wp\/v2\/product"}],"about":[{"href":"https:\/\/www.martech.qc.ca\/index\/wp-json\/wp\/v2\/types\/product"}],"replies":[{"embeddable":true,"href":"https:\/\/www.martech.qc.ca\/index\/wp-json\/wp\/v2\/comments?post=70555"}],"wp:featuredmedia":[{"embeddable":true,"href":"https:\/\/www.martech.qc.ca\/index\/wp-json\/wp\/v2\/media\/70556"}],"wp:attachment":[{"href":"https:\/\/www.martech.qc.ca\/index\/wp-json\/wp\/v2\/media?parent=70555"}],"wp:term":[{"taxonomy":"product_cat","embeddable":true,"href":"https:\/\/www.martech.qc.ca\/index\/wp-json\/wp\/v2\/product_cat?post=70555"},{"taxonomy":"product_tag","embeddable":true,"href":"https:\/\/www.martech.qc.ca\/index\/wp-json\/wp\/v2\/product_tag?post=70555"}],"curies":[{"name":"wp","href":"https:\/\/api.w.org\/{rel}","templated":true}]}}