{"id":69061,"date":"2016-04-04T15:22:23","date_gmt":"2016-04-04T15:22:23","guid":{"rendered":"http:\/\/www.martech.qc.ca\/index.php\/produit\/t-i-413-1-p-1\/"},"modified":"2016-04-04T15:33:45","modified_gmt":"2016-04-04T15:33:45","slug":"t-i-413-1-p-1","status":"publish","type":"product","link":"https:\/\/www.martech.qc.ca\/index\/produit\/t-i-413-1-p-1\/","title":{"rendered":"T-I-413-1-P-1"},"content":{"rendered":"<div class=\"desc_libelle\">\n<p>Le panonceau \u00ab Radar possible \u00bb (T-I-413-1-P-1) indique que les op\u00e9rations de surveillance sont sporadiques. Il doit \u00eatre install\u00e9 sous le panneau \u00ab Surveillance routi\u00e8re \u00bb (T-I-413-1).<\/p>\n<\/div>\n","protected":false},"excerpt":{"rendered":"<p>Le panonceau \u00ab Radar possible \u00bb (T-I-413-1-P-1) indique que les op\u00e9rations de surveillance sont sporadiques. Il doit \u00eatre install\u00e9 sous le panneau \u00ab Surveillance routi\u00e8re \u00bb (T-I-413-1).<\/p>\n","protected":false},"featured_media":69062,"comment_status":"closed","ping_status":"closed","template":"","meta":{"_acf_changed":false},"product_cat":[45],"product_tag":[],"acf":[],"_links":{"self":[{"href":"https:\/\/www.martech.qc.ca\/index\/wp-json\/wp\/v2\/product\/69061"}],"collection":[{"href":"https:\/\/www.martech.qc.ca\/index\/wp-json\/wp\/v2\/product"}],"about":[{"href":"https:\/\/www.martech.qc.ca\/index\/wp-json\/wp\/v2\/types\/product"}],"replies":[{"embeddable":true,"href":"https:\/\/www.martech.qc.ca\/index\/wp-json\/wp\/v2\/comments?post=69061"}],"wp:featuredmedia":[{"embeddable":true,"href":"https:\/\/www.martech.qc.ca\/index\/wp-json\/wp\/v2\/media\/69062"}],"wp:attachment":[{"href":"https:\/\/www.martech.qc.ca\/index\/wp-json\/wp\/v2\/media?parent=69061"}],"wp:term":[{"taxonomy":"product_cat","embeddable":true,"href":"https:\/\/www.martech.qc.ca\/index\/wp-json\/wp\/v2\/product_cat?post=69061"},{"taxonomy":"product_tag","embeddable":true,"href":"https:\/\/www.martech.qc.ca\/index\/wp-json\/wp\/v2\/product_tag?post=69061"}],"curies":[{"name":"wp","href":"https:\/\/api.w.org\/{rel}","templated":true}]}}