{"id":68922,"date":"2016-04-01T19:07:01","date_gmt":"2016-04-01T19:07:01","guid":{"rendered":"http:\/\/www.martech.qc.ca\/index.php\/produit\/d-60-5\/"},"modified":"2017-03-01T20:58:55","modified_gmt":"2017-03-01T20:58:55","slug":"d-60-5","status":"publish","type":"product","link":"https:\/\/www.martech.qc.ca\/index\/produit\/d-60-5\/","title":{"rendered":"D-60-5"},"content":{"rendered":"<div class=\"desc_libelle\">\n<p>Le panneau \u00ab Pr\u00e9parez-vous \u00e0 arr\u00eater \u00e0 un passage pour camions \u00bb (D-60-3) indique, \u00e0 l\u2019avance, la proximit\u00e9 d\u2019un passage pour camions o\u00f9 les distances de visibilit\u00e9 d\u2019arr\u00eat sont insuffisantes.<\/p>\n<\/div>\n","protected":false},"excerpt":{"rendered":"<p>Le panneau \u00ab Pr\u00e9parez-vous \u00e0 arr\u00eater \u00e0 un passage pour camions hors normes \u00bb (D-060-5) indique, \u00e0 l\u2019avance, la proximit\u00e9 d\u2019un passage pour camions hors normes o\u00f9 les distances de visibilit\u00e9 d\u2019arr\u00eat sont insuffisantes.<\/p>\n","protected":false},"featured_media":68923,"comment_status":"closed","ping_status":"closed","template":"","meta":{"_acf_changed":false},"product_cat":[44],"product_tag":[],"acf":[],"_links":{"self":[{"href":"https:\/\/www.martech.qc.ca\/index\/wp-json\/wp\/v2\/product\/68922"}],"collection":[{"href":"https:\/\/www.martech.qc.ca\/index\/wp-json\/wp\/v2\/product"}],"about":[{"href":"https:\/\/www.martech.qc.ca\/index\/wp-json\/wp\/v2\/types\/product"}],"replies":[{"embeddable":true,"href":"https:\/\/www.martech.qc.ca\/index\/wp-json\/wp\/v2\/comments?post=68922"}],"wp:featuredmedia":[{"embeddable":true,"href":"https:\/\/www.martech.qc.ca\/index\/wp-json\/wp\/v2\/media\/68923"}],"wp:attachment":[{"href":"https:\/\/www.martech.qc.ca\/index\/wp-json\/wp\/v2\/media?parent=68922"}],"wp:term":[{"taxonomy":"product_cat","embeddable":true,"href":"https:\/\/www.martech.qc.ca\/index\/wp-json\/wp\/v2\/product_cat?post=68922"},{"taxonomy":"product_tag","embeddable":true,"href":"https:\/\/www.martech.qc.ca\/index\/wp-json\/wp\/v2\/product_tag?post=68922"}],"curies":[{"name":"wp","href":"https:\/\/api.w.org\/{rel}","templated":true}]}}