{"id":68462,"date":"2016-03-21T19:27:28","date_gmt":"2016-03-21T19:27:28","guid":{"rendered":"http:\/\/www.martech.qc.ca\/index.php\/produit\/i-130-3\/"},"modified":"2016-03-21T20:06:07","modified_gmt":"2016-03-21T20:06:07","slug":"i-130-3","status":"publish","type":"product","link":"https:\/\/www.martech.qc.ca\/index\/produit\/i-130-3\/","title":{"rendered":"I-130-3"},"content":{"rendered":"<div class=\"desc_libelle\">\n<p>Les panneaux \u00abIdentification d\u2019autoroute\u00bb (I-130) indiquent le num\u00e9ro des autoroutes num\u00e9rot\u00e9es de 1 \u00e0 99 et de 400 \u00e0 999.Les panneaux I-130-2 et I-130-3 figurent dans un panneau de supersignalisation dont la hauteur des lettres majuscules est de 340 mm ou plus. Le rapport des dimensions varie selon le nombre de chiffres y figurant. Le rapport des dimensions est de 4\/4 (largeur\/hauteur) pour un num\u00e9ro d\u2019autoroute \u00e0 un ou deux chiffres et de 5\/4 (largeur\/hauteur) pour un num\u00e9ro d\u2019autoroute \u00e0 trois chiffres.<\/p>\n<\/div>\n","protected":false},"excerpt":{"rendered":"<div class=\"desc_libelle\">\n<p>Les panneaux \u00abIdentification d\u2019autoroute\u00bb (I-130) indiquent le num\u00e9ro des autoroutes num\u00e9rot\u00e9es de 1 \u00e0 99 et de 400 \u00e0 999.Les panneaux I-130-2 et I-130-3 figurent dans un panneau de supersignalisation dont la hauteur des lettres majuscules est de 340 mm ou plus. Le rapport des dimensions varie selon le nombre de chiffres y figurant. Le rapport des dimensions est de 4\/4 (largeur\/hauteur) pour un num\u00e9ro d\u2019autoroute \u00e0 un ou deux chiffres et de 5\/4 (largeur\/hauteur) pour un num\u00e9ro d\u2019autoroute \u00e0 trois chiffres.<\/p>\n<\/div>\n","protected":false},"featured_media":68461,"comment_status":"closed","ping_status":"closed","template":"","meta":{"_acf_changed":false},"product_cat":[46],"product_tag":[],"acf":[],"_links":{"self":[{"href":"https:\/\/www.martech.qc.ca\/index\/wp-json\/wp\/v2\/product\/68462"}],"collection":[{"href":"https:\/\/www.martech.qc.ca\/index\/wp-json\/wp\/v2\/product"}],"about":[{"href":"https:\/\/www.martech.qc.ca\/index\/wp-json\/wp\/v2\/types\/product"}],"replies":[{"embeddable":true,"href":"https:\/\/www.martech.qc.ca\/index\/wp-json\/wp\/v2\/comments?post=68462"}],"wp:featuredmedia":[{"embeddable":true,"href":"https:\/\/www.martech.qc.ca\/index\/wp-json\/wp\/v2\/media\/68461"}],"wp:attachment":[{"href":"https:\/\/www.martech.qc.ca\/index\/wp-json\/wp\/v2\/media?parent=68462"}],"wp:term":[{"taxonomy":"product_cat","embeddable":true,"href":"https:\/\/www.martech.qc.ca\/index\/wp-json\/wp\/v2\/product_cat?post=68462"},{"taxonomy":"product_tag","embeddable":true,"href":"https:\/\/www.martech.qc.ca\/index\/wp-json\/wp\/v2\/product_tag?post=68462"}],"curies":[{"name":"wp","href":"https:\/\/api.w.org\/{rel}","templated":true}]}}