{"id":68420,"date":"2016-03-21T18:19:21","date_gmt":"2016-03-21T18:19:21","guid":{"rendered":"http:\/\/www.martech.qc.ca\/index.php\/produit\/t-d-110-1-d\/"},"modified":"2016-03-21T18:19:57","modified_gmt":"2016-03-21T18:19:57","slug":"t-d-110-1-d","status":"publish","type":"product","link":"https:\/\/www.martech.qc.ca\/index\/produit\/t-d-110-1-d\/","title":{"rendered":"T-D-110-1-D"},"content":{"rendered":"<div class=\"desc_libelle\">\n<p>Les panneaux \u00abVirages\u00bb (D-110) indiquent la proximit\u00e9 d\u2019une ou de plusieurs courbes sur un chemin public. Le panneau de virage appropri\u00e9 ainsi que la signalisation \u00e0 installer dans les courbes doivent \u00eatre choisis conform\u00e9ment au Tome V.<\/p>\n<\/div>\n","protected":false},"excerpt":{"rendered":"<div class=\"desc_libelle\">\n<p>Les panneaux \u00abVirages\u00bb (D-110) indiquent la proximit\u00e9 d\u2019une ou de plusieurs courbes sur un chemin public. Le panneau de virage appropri\u00e9 ainsi que la signalisation \u00e0 installer dans les courbes doivent \u00eatre choisis conform\u00e9ment au Tome V.<\/p>\n<\/div>\n","protected":false},"featured_media":68421,"comment_status":"closed","ping_status":"closed","template":"","meta":{"_acf_changed":false},"product_cat":[45],"product_tag":[],"acf":[],"_links":{"self":[{"href":"https:\/\/www.martech.qc.ca\/index\/wp-json\/wp\/v2\/product\/68420"}],"collection":[{"href":"https:\/\/www.martech.qc.ca\/index\/wp-json\/wp\/v2\/product"}],"about":[{"href":"https:\/\/www.martech.qc.ca\/index\/wp-json\/wp\/v2\/types\/product"}],"replies":[{"embeddable":true,"href":"https:\/\/www.martech.qc.ca\/index\/wp-json\/wp\/v2\/comments?post=68420"}],"wp:featuredmedia":[{"embeddable":true,"href":"https:\/\/www.martech.qc.ca\/index\/wp-json\/wp\/v2\/media\/68421"}],"wp:attachment":[{"href":"https:\/\/www.martech.qc.ca\/index\/wp-json\/wp\/v2\/media?parent=68420"}],"wp:term":[{"taxonomy":"product_cat","embeddable":true,"href":"https:\/\/www.martech.qc.ca\/index\/wp-json\/wp\/v2\/product_cat?post=68420"},{"taxonomy":"product_tag","embeddable":true,"href":"https:\/\/www.martech.qc.ca\/index\/wp-json\/wp\/v2\/product_tag?post=68420"}],"curies":[{"name":"wp","href":"https:\/\/api.w.org\/{rel}","templated":true}]}}