{"id":68012,"date":"2016-03-17T15:21:05","date_gmt":"2016-03-17T15:21:05","guid":{"rendered":"http:\/\/www.martech.qc.ca\/index.php\/produit\/d-230-3\/"},"modified":"2016-03-18T15:35:33","modified_gmt":"2016-03-18T15:35:33","slug":"d-230-3","status":"publish","type":"product","link":"https:\/\/www.martech.qc.ca\/index\/produit\/d-230-3\/","title":{"rendered":"D-230-3"},"content":{"rendered":"<div class=\"desc_libelle\">\n<p>Les panneaux \u00abPente raide\u00bb (D-230) indiquent la pr\u00e9sence d\u2019une pente dont l\u2019inclinaison et la longueur exc\u00e8dent ou \u00e9galent les donn\u00e9es suivantes :<br \/>\n\u2013 6 % sur au moins 600 m de longueur;<br \/>\n\u2013 7 % sur au moins 300 m de longueur;<br \/>\n\u2013 8 % sur au moins 250 m de longueur;<br \/>\n\u2013 9 % sur au moins 150 m de longueur;<br \/>\n\u2013 11 % sur au moins 120 m de longueur;<br \/>\n\u2013 13 % sur au moins 100 m de longueur;<br \/>\n\u2013 15 % sur au moins 60 m de longueur.<br \/>\nLes panneaux D-230-3 \u00e0 D-230-6 sont utilis\u00e9s lorsque deux pentes importantes, d&rsquo;inclinaisons diff\u00e9rentes, se succ\u00e8dent.<\/p>\n<\/div>\n","protected":false},"excerpt":{"rendered":"<div class=\"desc_libelle\">\n<p>Les panneaux \u00abPente raide\u00bb (D-230) indiquent la pr\u00e9sence d\u2019une pente dont l\u2019inclinaison et la longueur exc\u00e8dent ou \u00e9galent les donn\u00e9es suivantes :<br \/>\n\u2013 6 % sur au moins 600 m de longueur;<br \/>\n\u2013 7 % sur au moins 300 m de longueur;<br \/>\n\u2013 8 % sur au moins 250 m de longueur;<br \/>\n\u2013 9 % sur au moins 150 m de longueur;<br \/>\n\u2013 11 % sur au moins 120 m de longueur;<br \/>\n\u2013 13 % sur au moins 100 m de longueur;<br \/>\n\u2013 15 % sur au moins 60 m de longueur.<br \/>\nLes panneaux D-230-3 \u00e0 D-230-6 sont utilis\u00e9s lorsque deux pentes importantes, d&rsquo;inclinaisons diff\u00e9rentes, se succ\u00e8dent.<\/p>\n<p><a href=\"http:\/\/www.martech.qc.ca\/index.php\/contact\/\" rel=\"attachment wp-att-66946\"><img loading=\"lazy\" decoding=\"async\" class=\"alignnone wp-image-66946 size-full\" src=\"http:\/\/www.martech.qc.ca\/wp-content\/uploads\/2016\/02\/CONTACT_C.jpg\" alt=\"Contactez-nous pour une soumission gratuite!\" width=\"560\" height=\"74\" srcset=\"https:\/\/www.martech.qc.ca\/index\/wp-content\/uploads\/2016\/02\/CONTACT_C.jpg 560w, https:\/\/www.martech.qc.ca\/index\/wp-content\/uploads\/2016\/02\/CONTACT_C-300x40.jpg 300w\" sizes=\"(max-width: 560px) 100vw, 560px\" \/><\/a><\/p>\n<\/div>\n","protected":false},"featured_media":68013,"comment_status":"closed","ping_status":"closed","template":"","meta":{"_acf_changed":false},"product_cat":[44],"product_tag":[],"acf":[],"_links":{"self":[{"href":"https:\/\/www.martech.qc.ca\/index\/wp-json\/wp\/v2\/product\/68012"}],"collection":[{"href":"https:\/\/www.martech.qc.ca\/index\/wp-json\/wp\/v2\/product"}],"about":[{"href":"https:\/\/www.martech.qc.ca\/index\/wp-json\/wp\/v2\/types\/product"}],"replies":[{"embeddable":true,"href":"https:\/\/www.martech.qc.ca\/index\/wp-json\/wp\/v2\/comments?post=68012"}],"wp:featuredmedia":[{"embeddable":true,"href":"https:\/\/www.martech.qc.ca\/index\/wp-json\/wp\/v2\/media\/68013"}],"wp:attachment":[{"href":"https:\/\/www.martech.qc.ca\/index\/wp-json\/wp\/v2\/media?parent=68012"}],"wp:term":[{"taxonomy":"product_cat","embeddable":true,"href":"https:\/\/www.martech.qc.ca\/index\/wp-json\/wp\/v2\/product_cat?post=68012"},{"taxonomy":"product_tag","embeddable":true,"href":"https:\/\/www.martech.qc.ca\/index\/wp-json\/wp\/v2\/product_tag?post=68012"}],"curies":[{"name":"wp","href":"https:\/\/api.w.org\/{rel}","templated":true}]}}