{"id":67794,"date":"2016-03-15T19:37:09","date_gmt":"2016-03-15T19:37:09","guid":{"rendered":"http:\/\/www.martech.qc.ca\/index.php\/produit\/d-30\/"},"modified":"2016-04-04T17:04:19","modified_gmt":"2016-04-04T17:04:19","slug":"d-30","status":"publish","type":"product","link":"https:\/\/www.martech.qc.ca\/index\/produit\/d-30\/","title":{"rendered":"D-30"},"content":{"rendered":"<div class=\"desc_libelle\">\n<p>Le panneau \u00ab Signal avanc\u00e9 de c\u00e9dez le passage \u00e0 la circulation venant en sens inverse \u00bb (D-30) indique, \u00e0 l\u2019avance, la proximit\u00e9 d\u2019un panneau \u00ab C\u00e9dez le passage \u00e0 la circulation venant en sens inverse \u00bb<\/p>\n<\/div>\n","protected":false},"excerpt":{"rendered":"<div class=\"desc_libelle\">Le panneau \u00ab Signal avanc\u00e9 de c\u00e9dez le passage \u00e0 la circulation venant en sens inverse \u00bb (D-30) indique, \u00e0 l\u2019avance, la proximit\u00e9 d\u2019un panneau \u00ab C\u00e9dez le passage \u00e0 la circulation venant en sens inverse \u00bb<\/div>\n<div class=\"desc_libelle\"><a href=\"http:\/\/www.martech.qc.ca\/index.php\/contact\/\" rel=\"attachment wp-att-66946\"><img loading=\"lazy\" decoding=\"async\" class=\"alignnone wp-image-66946 size-full\" src=\"http:\/\/www.martech.qc.ca\/wp-content\/uploads\/2016\/02\/CONTACT_C.jpg\" alt=\"Contactez-nous pour une soumission gratuite!\" width=\"560\" height=\"74\" srcset=\"https:\/\/www.martech.qc.ca\/index\/wp-content\/uploads\/2016\/02\/CONTACT_C.jpg 560w, https:\/\/www.martech.qc.ca\/index\/wp-content\/uploads\/2016\/02\/CONTACT_C-300x40.jpg 300w\" sizes=\"(max-width: 560px) 100vw, 560px\" \/><\/a><\/div>\n","protected":false},"featured_media":67795,"comment_status":"closed","ping_status":"closed","template":"","meta":{"_acf_changed":false},"product_cat":[44],"product_tag":[],"acf":[],"_links":{"self":[{"href":"https:\/\/www.martech.qc.ca\/index\/wp-json\/wp\/v2\/product\/67794"}],"collection":[{"href":"https:\/\/www.martech.qc.ca\/index\/wp-json\/wp\/v2\/product"}],"about":[{"href":"https:\/\/www.martech.qc.ca\/index\/wp-json\/wp\/v2\/types\/product"}],"replies":[{"embeddable":true,"href":"https:\/\/www.martech.qc.ca\/index\/wp-json\/wp\/v2\/comments?post=67794"}],"wp:featuredmedia":[{"embeddable":true,"href":"https:\/\/www.martech.qc.ca\/index\/wp-json\/wp\/v2\/media\/67795"}],"wp:attachment":[{"href":"https:\/\/www.martech.qc.ca\/index\/wp-json\/wp\/v2\/media?parent=67794"}],"wp:term":[{"taxonomy":"product_cat","embeddable":true,"href":"https:\/\/www.martech.qc.ca\/index\/wp-json\/wp\/v2\/product_cat?post=67794"},{"taxonomy":"product_tag","embeddable":true,"href":"https:\/\/www.martech.qc.ca\/index\/wp-json\/wp\/v2\/product_tag?post=67794"}],"curies":[{"name":"wp","href":"https:\/\/api.w.org\/{rel}","templated":true}]}}