{"id":67500,"date":"2016-03-10T20:22:52","date_gmt":"2016-03-10T20:22:52","guid":{"rendered":"http:\/\/www.martech.qc.ca\/index.php\/produit\/p-250-p-3\/"},"modified":"2016-04-04T14:49:07","modified_gmt":"2016-04-04T14:49:07","slug":"p-250-p-3","status":"publish","type":"product","link":"https:\/\/www.martech.qc.ca\/index\/produit\/p-250-p-3\/","title":{"rendered":"P-250-P-3"},"content":{"rendered":"<div class=\"desc_libelle\">\n<p>Les panonceaux d&rsquo;\u00e9tendue pour prescription indiquent qu&rsquo;une obligation ou une interdiction est impos\u00e9e sur une certaine distance. Le panonceau P-250-P-3 indique le d\u00e9but de la prescription ainsi que la distance sur laquelle elle s\u2019applique, alors que le panonceau P-230-P en marque la fin.<\/p>\n<\/div>\n","protected":false},"excerpt":{"rendered":"<div class=\"desc_libelle\">Les panonceaux d&rsquo;\u00e9tendue pour prescription indiquent qu&rsquo;une obligation ou une interdiction est impos\u00e9e sur une certaine distance. Le panonceau P-250-P-3 indique le d\u00e9but de la prescription ainsi que la distance sur laquelle elle s\u2019applique, alors que le panonceau P-230-P en marque la fin.<\/div>\n<div class=\"desc_libelle\"><a href=\"http:\/\/www.martech.qc.ca\/index.php\/contact\/\" rel=\"attachment wp-att-66946\"><img loading=\"lazy\" decoding=\"async\" class=\"alignnone wp-image-66946 size-full\" src=\"http:\/\/www.martech.qc.ca\/wp-content\/uploads\/2016\/02\/CONTACT_C.jpg\" alt=\"Contactez-nous pour une soumission gratuite!\" width=\"560\" height=\"74\" srcset=\"https:\/\/www.martech.qc.ca\/index\/wp-content\/uploads\/2016\/02\/CONTACT_C.jpg 560w, https:\/\/www.martech.qc.ca\/index\/wp-content\/uploads\/2016\/02\/CONTACT_C-300x40.jpg 300w\" sizes=\"(max-width: 560px) 100vw, 560px\" \/><\/a><\/div>\n","protected":false},"featured_media":67501,"comment_status":"closed","ping_status":"closed","template":"","meta":{"_acf_changed":false},"product_cat":[32],"product_tag":[],"acf":[],"_links":{"self":[{"href":"https:\/\/www.martech.qc.ca\/index\/wp-json\/wp\/v2\/product\/67500"}],"collection":[{"href":"https:\/\/www.martech.qc.ca\/index\/wp-json\/wp\/v2\/product"}],"about":[{"href":"https:\/\/www.martech.qc.ca\/index\/wp-json\/wp\/v2\/types\/product"}],"replies":[{"embeddable":true,"href":"https:\/\/www.martech.qc.ca\/index\/wp-json\/wp\/v2\/comments?post=67500"}],"wp:featuredmedia":[{"embeddable":true,"href":"https:\/\/www.martech.qc.ca\/index\/wp-json\/wp\/v2\/media\/67501"}],"wp:attachment":[{"href":"https:\/\/www.martech.qc.ca\/index\/wp-json\/wp\/v2\/media?parent=67500"}],"wp:term":[{"taxonomy":"product_cat","embeddable":true,"href":"https:\/\/www.martech.qc.ca\/index\/wp-json\/wp\/v2\/product_cat?post=67500"},{"taxonomy":"product_tag","embeddable":true,"href":"https:\/\/www.martech.qc.ca\/index\/wp-json\/wp\/v2\/product_tag?post=67500"}],"curies":[{"name":"wp","href":"https:\/\/api.w.org\/{rel}","templated":true}]}}