{"id":67438,"date":"2016-03-09T20:54:12","date_gmt":"2016-03-09T20:54:12","guid":{"rendered":"http:\/\/www.martech.qc.ca\/index.php\/produit\/p-210\/"},"modified":"2016-04-04T14:45:52","modified_gmt":"2016-04-04T14:45:52","slug":"p-210","status":"publish","type":"product","link":"https:\/\/www.martech.qc.ca\/index\/produit\/p-210\/","title":{"rendered":"P-210"},"content":{"rendered":"<div class=\"desc_libelle\">Le panneau \u00ab D\u00e9gel \u00bb (P-210) indique, durant les p\u00e9riodes de d\u00e9gel, l\u2019obligation de respecter les restrictions de charge fix\u00e9es par un r\u00e8glement \u00e9dict\u00e9 en vertu du Code de la s\u00e9curit\u00e9 routi\u00e8re (L.R.Q., c. C-24.2).<\/div>\n","protected":false},"excerpt":{"rendered":"<div class=\"desc_libelle\">Le panneau \u00ab D\u00e9gel \u00bb (P-210) indique, durant les p\u00e9riodes de d\u00e9gel, l\u2019obligation de respecter les restrictions de charge fix\u00e9es par un r\u00e8glement \u00e9dict\u00e9 en vertu du Code de la s\u00e9curit\u00e9 routi\u00e8re (L.R.Q., c. C-24.2).<\/div>\n<div class=\"desc_libelle\"><a href=\"http:\/\/www.martech.qc.ca\/index.php\/contact\/\" rel=\"attachment wp-att-66946\"><img loading=\"lazy\" decoding=\"async\" class=\"alignnone wp-image-66946 size-full\" src=\"http:\/\/www.martech.qc.ca\/wp-content\/uploads\/2016\/02\/CONTACT_C.jpg\" alt=\"Contactez-nous pour une soumission gratuite!\" width=\"560\" height=\"74\" srcset=\"https:\/\/www.martech.qc.ca\/index\/wp-content\/uploads\/2016\/02\/CONTACT_C.jpg 560w, https:\/\/www.martech.qc.ca\/index\/wp-content\/uploads\/2016\/02\/CONTACT_C-300x40.jpg 300w\" sizes=\"(max-width: 560px) 100vw, 560px\" \/><\/a><\/div>\n","protected":false},"featured_media":67439,"comment_status":"closed","ping_status":"closed","template":"","meta":{"_acf_changed":false},"product_cat":[32],"product_tag":[],"acf":[],"_links":{"self":[{"href":"https:\/\/www.martech.qc.ca\/index\/wp-json\/wp\/v2\/product\/67438"}],"collection":[{"href":"https:\/\/www.martech.qc.ca\/index\/wp-json\/wp\/v2\/product"}],"about":[{"href":"https:\/\/www.martech.qc.ca\/index\/wp-json\/wp\/v2\/types\/product"}],"replies":[{"embeddable":true,"href":"https:\/\/www.martech.qc.ca\/index\/wp-json\/wp\/v2\/comments?post=67438"}],"wp:featuredmedia":[{"embeddable":true,"href":"https:\/\/www.martech.qc.ca\/index\/wp-json\/wp\/v2\/media\/67439"}],"wp:attachment":[{"href":"https:\/\/www.martech.qc.ca\/index\/wp-json\/wp\/v2\/media?parent=67438"}],"wp:term":[{"taxonomy":"product_cat","embeddable":true,"href":"https:\/\/www.martech.qc.ca\/index\/wp-json\/wp\/v2\/product_cat?post=67438"},{"taxonomy":"product_tag","embeddable":true,"href":"https:\/\/www.martech.qc.ca\/index\/wp-json\/wp\/v2\/product_tag?post=67438"}],"curies":[{"name":"wp","href":"https:\/\/api.w.org\/{rel}","templated":true}]}}