{"id":67432,"date":"2016-03-09T20:40:53","date_gmt":"2016-03-09T20:40:53","guid":{"rendered":"http:\/\/www.martech.qc.ca\/index.php\/produit\/p-200-3\/"},"modified":"2016-04-04T14:45:44","modified_gmt":"2016-04-04T14:45:44","slug":"p-200-3","status":"publish","type":"product","link":"https:\/\/www.martech.qc.ca\/index\/produit\/p-200-3\/","title":{"rendered":"P-200-3"},"content":{"rendered":"<div class=\"desc_libelle\">Les panneaux \u00ab Limitation de poids \u00bb (P-200) indiquent aux conducteurs de v\u00e9hicules routiers dont le poids total en charge d\u00e9passe le poids maximal inscrit sur les panneaux qu\u2019il leur est interdit d\u2019emprunter le pont aux abords duquel cette interdiction est applicable. Le panneau P-200-3 vise tous les v\u00e9hicules routiers. Les panneaux P-200 ne visent pas les v\u00e9hicules hors normes circulant en vertu d\u2019un permis sp\u00e9cial de circulation autorisant express\u00e9ment l\u2019acc\u00e8s \u00e0 un chemin public.<br \/>\nLorsque la limitation de poids vise tous les v\u00e9hicules routiers et que le poids total en charge maximal permis est le m\u00eame pour tous les v\u00e9hicules routiers, seul le P-200-3 doit \u00eatre install\u00e9 aux approches des ponts, et<br \/>\nsur les approches de la derni\u00e8re intersection o\u00f9 un autre itin\u00e9raire peut \u00eatre emprunt\u00e9 par le conducteur.<\/div>\n","protected":false},"excerpt":{"rendered":"<div class=\"desc_libelle\">Les panneaux \u00ab Limitation de poids \u00bb (P-200) indiquent aux conducteurs de v\u00e9hicules routiers dont le poids total en charge d\u00e9passe le poids maximal inscrit sur les panneaux qu\u2019il leur est interdit d\u2019emprunter le pont aux abords duquel cette interdiction est applicable. Le panneau P-200-3 vise tous les v\u00e9hicules routiers. Les panneaux P-200 ne visent pas les v\u00e9hicules hors normes circulant en vertu d\u2019un permis sp\u00e9cial de circulation autorisant express\u00e9ment l\u2019acc\u00e8s \u00e0 un chemin public.<br \/>\nLorsque la limitation de poids vise tous les v\u00e9hicules routiers et que le poids total en charge maximal permis est le m\u00eame pour tous les v\u00e9hicules routiers, seul le P-200-3 doit \u00eatre install\u00e9 aux approches des ponts, et<br \/>\nsur les approches de la derni\u00e8re intersection o\u00f9 un autre itin\u00e9raire peut \u00eatre emprunt\u00e9 par le conducteur.<\/div>\n<div class=\"desc_libelle\"><a href=\"http:\/\/www.martech.qc.ca\/index.php\/contact\/\" rel=\"attachment wp-att-66946\"><img loading=\"lazy\" decoding=\"async\" class=\"alignnone wp-image-66946 size-full\" src=\"http:\/\/www.martech.qc.ca\/wp-content\/uploads\/2016\/02\/CONTACT_C.jpg\" alt=\"Contactez-nous pour une soumission gratuite!\" width=\"560\" height=\"74\" srcset=\"https:\/\/www.martech.qc.ca\/index\/wp-content\/uploads\/2016\/02\/CONTACT_C.jpg 560w, https:\/\/www.martech.qc.ca\/index\/wp-content\/uploads\/2016\/02\/CONTACT_C-300x40.jpg 300w\" sizes=\"(max-width: 560px) 100vw, 560px\" \/><\/a><\/div>\n","protected":false},"featured_media":67433,"comment_status":"closed","ping_status":"closed","template":"","meta":{"_acf_changed":false},"product_cat":[32],"product_tag":[],"acf":[],"_links":{"self":[{"href":"https:\/\/www.martech.qc.ca\/index\/wp-json\/wp\/v2\/product\/67432"}],"collection":[{"href":"https:\/\/www.martech.qc.ca\/index\/wp-json\/wp\/v2\/product"}],"about":[{"href":"https:\/\/www.martech.qc.ca\/index\/wp-json\/wp\/v2\/types\/product"}],"replies":[{"embeddable":true,"href":"https:\/\/www.martech.qc.ca\/index\/wp-json\/wp\/v2\/comments?post=67432"}],"wp:featuredmedia":[{"embeddable":true,"href":"https:\/\/www.martech.qc.ca\/index\/wp-json\/wp\/v2\/media\/67433"}],"wp:attachment":[{"href":"https:\/\/www.martech.qc.ca\/index\/wp-json\/wp\/v2\/media?parent=67432"}],"wp:term":[{"taxonomy":"product_cat","embeddable":true,"href":"https:\/\/www.martech.qc.ca\/index\/wp-json\/wp\/v2\/product_cat?post=67432"},{"taxonomy":"product_tag","embeddable":true,"href":"https:\/\/www.martech.qc.ca\/index\/wp-json\/wp\/v2\/product_tag?post=67432"}],"curies":[{"name":"wp","href":"https:\/\/api.w.org\/{rel}","templated":true}]}}