{"id":67099,"date":"2016-03-03T13:38:40","date_gmt":"2016-03-03T13:38:40","guid":{"rendered":"http:\/\/wp.martech.ca\/index.php\/produit\/p-100-5-p\/"},"modified":"2016-04-04T14:37:26","modified_gmt":"2016-04-04T14:37:26","slug":"p-100-5-p","status":"publish","type":"product","link":"https:\/\/www.martech.qc.ca\/index\/produit\/p-100-5-p\/","title":{"rendered":"P-100-5-P"},"content":{"rendered":"<p>Exceptionnellement, le panneau P-100-5, accompagn\u00e9 du panonceau P-100-5-P, plac\u00e9 en position lat\u00e9rale, peut indiquer la voie r\u00e9serv\u00e9e aux virages \u00e0 gauche dans les deux sens de la circulation lorsqu&rsquo;il y a au plus 3 voies de circulation comprenant la voie r\u00e9serv\u00e9e aux virages \u00e0 gauche dans les deux sens. Exceptionnellement, le panneau P-100-5, accompagn\u00e9 du panonceau P-100-5-P, plac\u00e9 en position lat\u00e9rale, peut indiquer la voie r\u00e9serv\u00e9e aux virages \u00e0 gauche dans les deux sens de la circulation lorsqu&rsquo;il y a au plus 3 voies de circulation comprenant la voie r\u00e9serv\u00e9e aux virages \u00e0 gauche dans les deux sens.<\/p>\n","protected":false},"excerpt":{"rendered":"<p>Exceptionnellement, le panneau P-100-5, accompagn\u00e9 du panonceau P-100-5-P, plac\u00e9 en position lat\u00e9rale, peut indiquer la voie r\u00e9serv\u00e9e aux virages \u00e0 gauche dans les deux sens de la circulation lorsqu&rsquo;il y a au plus 3 voies de circulation comprenant la voie r\u00e9serv\u00e9e aux virages \u00e0 gauche dans les deux sens. Exceptionnellement, le panneau P-100-5, accompagn\u00e9 du panonceau P-100-5-P, plac\u00e9 en position lat\u00e9rale, peut indiquer la voie r\u00e9serv\u00e9e aux virages \u00e0 gauche dans les deux sens de la circulation lorsqu&rsquo;il y a au plus 3 voies de circulation comprenant la voie r\u00e9serv\u00e9e aux virages \u00e0 gauche dans les deux sens.<\/p>\n<p><a href=\"http:\/\/www.martech.qc.ca\/index.php\/contact\/\" rel=\"attachment wp-att-66946\"><img loading=\"lazy\" decoding=\"async\" class=\"alignnone wp-image-66946 size-full\" src=\"http:\/\/www.martech.qc.ca\/wp-content\/uploads\/2016\/02\/CONTACT_C.jpg\" alt=\"Contactez-nous pour une soumission gratuite!\" width=\"560\" height=\"74\" srcset=\"https:\/\/www.martech.qc.ca\/index\/wp-content\/uploads\/2016\/02\/CONTACT_C.jpg 560w, https:\/\/www.martech.qc.ca\/index\/wp-content\/uploads\/2016\/02\/CONTACT_C-300x40.jpg 300w\" sizes=\"(max-width: 560px) 100vw, 560px\" \/><\/a><\/p>\n","protected":false},"featured_media":67100,"comment_status":"closed","ping_status":"closed","template":"","meta":{"_acf_changed":false},"product_cat":[32],"product_tag":[],"acf":[],"_links":{"self":[{"href":"https:\/\/www.martech.qc.ca\/index\/wp-json\/wp\/v2\/product\/67099"}],"collection":[{"href":"https:\/\/www.martech.qc.ca\/index\/wp-json\/wp\/v2\/product"}],"about":[{"href":"https:\/\/www.martech.qc.ca\/index\/wp-json\/wp\/v2\/types\/product"}],"replies":[{"embeddable":true,"href":"https:\/\/www.martech.qc.ca\/index\/wp-json\/wp\/v2\/comments?post=67099"}],"wp:featuredmedia":[{"embeddable":true,"href":"https:\/\/www.martech.qc.ca\/index\/wp-json\/wp\/v2\/media\/67100"}],"wp:attachment":[{"href":"https:\/\/www.martech.qc.ca\/index\/wp-json\/wp\/v2\/media?parent=67099"}],"wp:term":[{"taxonomy":"product_cat","embeddable":true,"href":"https:\/\/www.martech.qc.ca\/index\/wp-json\/wp\/v2\/product_cat?post=67099"},{"taxonomy":"product_tag","embeddable":true,"href":"https:\/\/www.martech.qc.ca\/index\/wp-json\/wp\/v2\/product_tag?post=67099"}],"curies":[{"name":"wp","href":"https:\/\/api.w.org\/{rel}","templated":true}]}}